 of h?
1
What is the thousands digit of ((-55)/(-18) - 68/(-153))*(7256 + 2)?
5
Let o be 2/(4/(12/6)). What is the hundreds digit of o/(-3)*(-2515 + -53)?
8
Suppose -149 + 125 = 6*f, 2*m - 89008 = -f. What is the ten thousands digit of m?
4
Suppose -38*s - 7 = -31*s. What is the units digit of s*6*9/(-12)*14?
3
Let v be 14/(9 + -2) - (-1 - 4). Suppose -n + v*r - 6*r = -483, n - 475 = 3*r. What is the hundreds digit of n?
4
Let l = 127 + -20. Let t = 188 + l. What is the units digit of t?
5
Let v = 41700 + -24790. What is the hundreds digit of v?
9
Let g be (-2 + (-120)/18)*27. Let w = -36 - g. What is the tens digit of w?
9
What is the tens digit of 3106 + (3 - 17) - -10?
0
Suppose -n = 31 - 3. What is the tens digit of 708/(-2)*2*7/n?
7
Let f(o) = o**3 + 6*o**2 + 6*o - 4 - 7 + 14. Let r be f(-4). Let k(c) = -c**2 + 14*c + 2. What is the tens digit of k(r)?
3
What is the thousands digit of -2*(-6)/(-18) - (-3)/(9/94493)?
1
Let y = -127 - -122. What is the hundreds digit of -5 - (1065/y - (3 + -2))?
2
Let p(o) = -29*o**3 + 13*o**2 + 19*o + 115. What is the tens digit of p(-5)?
7
Let w(r) = -r**3 + 18*r**2 + 484*r + 2. What is the units digit of w(32)?
4
Let k(v) = -3*v**3 + 80*v**2 + 21*v + 125. What is the hundreds digit of k(-7)?
9
Let p be (-2)/5 - (0 + (-7)/5). Suppose -4*l + 16 = -2*d, 2*l + 5*d + 3 + p = 0. What is the tens digit of 127/l - (-9)/(-27)?
4
Let v(g) = g**2 + g - 6. Let y be v(3). Let k be (1/3)/(63119/(-10521) + y). Suppose k - 135 = 3*z. What is the hundreds digit of z?
1
Let u = -3013 + 4474. What is the hundreds digit of u?
4
Suppose 3*n + 2*g = 6*g + 64, -3*n + 5*g + 62 = 0. Let a = 75 + n. What is the units digit of a?
9
Let a = 3123 + 4478. What is the tens digit of a?
0
Let k = -23052 - -42511. What is the units digit of k?
9
Let g be 24/4 + 18 + -6. What is the tens digit of (-62)/279 + 25888/g?
3
Suppose -p + 3*m + 7330 = 0, 11*m + 3 = 10*m. What is the hundreds digit of p?
3
Let y(k) = 55*k - 218. Let l(a) = a**3 + 15*a**2 + 12*a - 14. Let s be l(-14). What is the hundreds digit of y(s)?
5
What is the tens digit of 1830/(3015/165 - 18)?
1
Suppose -2*r + 0*r - 4*j = -452, 2*j = 3*r - 686. Suppose -1 = 2*v + 27. What is the tens digit of (r - 0) + (v + 4)/5?
2
Let n = -252 + 234. What is the units digit of 6*((-1560)/n + -7)?
8
Let p(j) = 36*j**2 - 88*j + 1429. What is the hundreds digit of p(15)?
2
Let p = -346 + 351. Suppose -3*l - 2*q - 18 = -320, -p*l = 5*q - 505. What is the tens digit of l?
0
Let d be (-2 - -2) + (-4 - -4). Let i be 0*((-2)/(-2) + d)/(-1). Suppose -27*j + 28*j - 59 = i. What is the tens digit of j?
5
Suppose -5*v + 0*v = 5*a + 115, 69 = -3*v - 4*a. Let q = v + 23. Suppose 5*x + q*x - 60 = 0. What is the tens digit of x?
1
Let s(r) = 9*r + 3348. What is the thousands digit of s(0)?
3
Suppose 5*g - 423187 = -y, -23*g + 20*g + 3*y = -253941. What is the thousands digit of g?
4
Let n = 5 - -3. Suppose 0 = u - g - n, -29 + 2 = -4*u + 3*g. Suppose -o + 2 = 0, 2*c - u*c + 2*o + 30 = 0. What is the units digit of c?
4
Suppose -24*j + 653954 = -j + 26*j. What is the ten thousands digit of j?
1
Let v(g) = g**2 + 6*g + 1. Let l be v(-6). Let z(u) = 438*u**2 - 5*u + 2. What is the hundreds digit of z(l)?
4
What is the units digit of 199410/100 + 6/(-60)?
4
Let o = 268 - 296. Let g = o - -87. What is the tens digit of g?
5
Let j(c) = 11*c**2 - 3*c + 36. What is the tens digit of j(19)?
5
Let t be 719/8 + (-4 - 132/(-32)). Suppose -11*y + t = -13*y. What is the hundreds digit of 0 + ((-6)/(-45) - 4629/y)?
1
Suppose 4*s = 16, 0 = -5*j + 4*s + 24484 + 1330. What is the tens digit of j?
6
Let n(b) be the first derivative of 7*b**3 + b**2 + 24*b + 90. What is the units digit of n(-5)?
9
Suppose -5*w = 9*a - 4*a - 105, 4*w = 4*a + 92. Let i be w/8 + (75/12 - 6). Suppose -i*o = 3*o - 342. What is the tens digit of o?
5
Let j(u) = -81*u + 1999. What is the hundreds digit of j(-60)?
8
Let g(z) = -z**3 + 5*z**2 + 5*z + 7. Let u be (-1 + -2)/(-3)*6. Let s be g(u). What is the hundreds digit of 101/5*(s - -4)?
1
Let c = -891 - -1086. Let z = -205 - -114. Let d = z + c. What is the tens digit of d?
0
Let y(z) be the third derivative of -z**5/24 + 3*z**4/8 - z**3 - 3*z**2. Let b(x) be the first derivative of y(x). What is the units digit of b(-5)?
4
Let j(x) = -x**3 + 17*x**2 - 3*x + 15. Let s be j(5). Suppose -568 = -2*f + s. What is the units digit of f?
4
Let t(n) = 691*n + 250. What is the thousands digit of t(7)?
5
Let p = -6864 + 16328. What is the hundreds digit of p?
4
Suppose -2*q + 10 = 4*x, 0*q - q + 5 = 5*x. Suppose -5*t + 40 = q*t. Suppose -t*m + 9*g = 13*g - 872, 2*m - 415 = 5*g. What is the units digit of m?
5
Let x(v) = 209*v**3 + 4*v**2 + 2*v - 3. Let u be x(2). Suppose 8*c + u = 11*c. Suppose 5*a = -c + 1873. What is the hundreds digit of a?
2
Let y = -74 - -31. Let i = 47 + y. Suppose 3*l = 5*n - 897, -i*l + 544 = 3*n - 0*l. What is the tens digit of n?
8
What is the units digit of (44/(-2))/(144640/6576 + -22)?
1
Suppose 3*i - 24291 = -42*p + 38*p, -p + 16189 = 2*i. What is the tens digit of i?
9
Let v be (5/10)/(1/(-42)). What is the units digit of 762*(-7)/v + -3 + -1?
0
What is the tens digit of (-3 - (0 + -2)) + -2*(-10507 + 1)?
1
Suppose -81030 = 28*h - 33*h - 5*m, 0 = -h - 5*m + 16214. What is the units digit of h?
4
Suppose -1256 = -3*i - 4*m, -m + 339 = 4*i - 1314. Suppose 58*q - 59*q = -i. What is the tens digit of q?
1
Suppose 11*t = -75 - 79. Let i = t + -122. Let y = i - -231. What is the tens digit of y?
9
Let r(b) be the third derivative of -b**5/60 - 3*b**4/4 + b**3/2 + 3*b**2. Let l be r(-19). What is the units digit of l/3*(-9 + 0 + 3)?
2
Let l(t) = -125*t**3 + 74*t**2 + 549*t + 32. What is the ten thousands digit of l(-8)?
6
Let b = 372 + -364. What is the tens digit of -3 - 0 - b/(40/(-1745))?
4
Let p = 9036 + 329. What is the tens digit of p?
6
Suppose 5*o + 21575 = j, 3*j + 6*o - 11*o - 64775 = 0. What is the units digit of j?
0
What is the ten thousands digit of (17 + -203955)/(-14) + (-5)/1?
1
Suppose t - 25519 = -63*w + 58*w, 0 = -4*w - t + 20416. What is the tens digit of w?
0
Suppose -1642 = -18*b - 184. Suppose -5*r - 3 = -c + b, -5*r + 10 = 0. What is the tens digit of c?
9
Let q(w) = -355*w**2 - 3*w - 4. Let r be q(-1). Let d = r + 592. Let a = 352 - d. What is the units digit of a?
6
Suppose 3*q = -4*c - 20, 29 = -4*q + 13. Let a be (c/(-4))/(4/40). Suppose -4*l - s = -a*l + 100, -l = 3*s - 80. What is the tens digit of l?
9
Suppose -5*u + 65152 = t, -13883 + 855 = -u + t. What is the units digit of u?
0
Let q be 3/2*(-11662)/(-21). Suppose -5*h + q - 73 = 0. Let g = h - -33. What is the units digit of g?
5
Suppose 0*z + 5*d = 5*z - 5, -5*d + 37 = 2*z. Let j be (-1 - -3)/(z/15). Suppose -33 = -2*q - j. What is the tens digit of q?
1
Suppose 2 = -2*k + s + 7, k - 3*s - 10 = 0. Let y be -1 + 2 - -158 - k. Let u = y + -68. What is the tens digit of u?
9
Suppose -210*g + 5752600 = -10*g. What is the tens digit of g?
6
Suppose -1580 = 5*d - 5*j, 3*d + 498 = 4*j - 450. Let p be (d/20 - -2)*5/(-1). Suppose -2*s - 2*y - 57 = -3*s, s + 2*y - p = 0. What is the tens digit of s?
6
Suppose 1034*r = 1088*r - 397008. What is the thousands digit of r?
7
Let n = -8626 + 18586. What is the tens digit of n?
6
Let s = 139 + -237. What is the units digit of s/(-6)*(119 + -50)?
7
Let c(u) = 2*u**2 - u - 1. Let x be c(-2). Suppose x*k = 308 + 655. What is the units digit of k?
7
Suppose -36*u + 20 = -34*u. Suppose -965 + 255 = -u*d. What is the units digit of d?
1
Let c = -61 + 63. Suppose -c*t + 812 = 2*i, -i + 203 = -3*t - 219. What is the hundreds digit of i?
4
Suppose 5*w + 61 = 3*a + 165, -4*w = -5*a - 182. Let m = a - -39. What is the tens digit of -1 - 33*-9 - 3/m?
9
Suppose 0*u + 10 = -5*u - 5*p, 11 = -u + 2*p. Let d be 1 + -52 + 5 + u. Let x = d + 52. What is the units digit of x?
1
Let n(b) = 267*b**2 - 32*b - 13. What is the thousands digit of n(-6)?
9
Let s = 416 - 241. Suppose 7*d = -s + 546. What is the units digit of d?
3
Suppose -2*g - 7 + 3 = 0. Let n be (g - -3 - -2) + (2 - 4). Suppose 0 = -k + n + 50. What is the tens digit of k?
5
Let g(w) = -3*w**3 + 22*w**2 - 6*w + 2. Let m be g(6). Suppose -1269 = 107*i - m*i. What is the units digit of i?
3
Let v = -10 - -87. Suppo